{"id":337,"date":"2021-02-23T09:09:10","date_gmt":"2021-02-23T08:09:10","guid":{"rendered":"https:\/\/robotpiscinakaptur.clak.it\/?post_type=product&#038;p=337"},"modified":"2024-02-22T20:38:02","modified_gmt":"2024-02-22T19:38:02","slug":"pulitore-dolphin-flipper-2x2","status":"publish","type":"product","link":"https:\/\/robotpiscinakaptur.clak.it\/?product=pulitore-dolphin-flipper-2x2","title":{"rendered":"Robot piscina Dolphin FLIPPER 2X2"},"content":{"rendered":"","protected":false},"excerpt":{"rendered":"<p><strong>Il pulitore automatico per piscine pubbliche fino a 50 metri<\/strong><\/p>\n<p>Il robot <strong>Dolphin FLIPPER 2&#215;2<\/strong> \u00e8 un pulitore heavy-duty altamente avanzato che utilizza la tecnologia CleverClean per garantire una pulizia sistematica ed ottimale della piscina.<br \/>\nGrazie al suo giroscopio speciale, il pulitore effettua una scansione completa ed accurata della superficie della piscina. Inoltre, grazie alla sua doppia azione di spazzolatura, doppio sistema ad alta capacit\u00e0 di filtraggio ultra-fine e sofisticato giroscopio, il robot pulitore <strong>Dolphin FLIPPER 2&#215;2<\/strong> pulisce l&#8217;intero pavimento e le pareti della piscina con la massima efficienza e efficacia. Il sistema di pulizia a doppia spazzola rimuove alghe e batteri depositati, migliorando la qualit\u00e0 dell&#8217;acqua della piscina.<br \/>\nInoltre, il sistema di filtraggio a doppia porosit\u00e0 garantisce un&#8217;elevata capacit\u00e0 di trattenimento, in grado di eliminare capelli, polvere, insetti ed altri detriti presenti in piscina. Il pulitore <strong>Dolphin FLIPPER 2&#215;2<\/strong> \u00e8 fornito di telecomando per l&#8217;impostazione dei parametri e dei programmi di pulizia, garantendo la massima comodit\u00e0 e facilit\u00e0 d&#8217;uso.<\/p>\n<p style=\"text-align: left;\"><strong>Caratteristiche e funzionalit\u00e0:<br \/>\n<\/strong>\u2022 Ciclo di lavoro 4 \/ 6 \/ 8 ore<br \/>\n\u2022 Lunghezza Cavo 40 m<br \/>\n\u2022 Snodo \u201cSwivel\u201d previene gli attorcigliamenti del cavo<br \/>\n\u2022 Sacco filtrante da 70 e 50 micron<br \/>\n\u2022 Capacit\u00e0 di aspirazione 34 m3\/h<br \/>\n\u2022 Telecomando per i programmi di pulizia<br \/>\n\u2022 Spazzole combinate<br \/>\n\u2022 Carrello di trasporto incluso<br \/>\n\u2022 Peso 20 Kg<br \/>\n\u2022 Alimentazione-modalit\u00e0 interruttore digitale<br \/>\n\u2022 Output \u02c2 30 WDC; IP 54; indicatore sacco del filtro pieno;<br \/>\n\u2022 Azionamento ritardato<br \/>\n\u2022 Garanzia 24 mesi o 3.000 ore<\/p>\n","protected":false},"featured_media":417,"template":"","meta":[],"product_brand":[],"product_cat":[15],"product_tag":[],"class_list":{"0":"post-337","1":"product","2":"type-product","3":"status-publish","4":"has-post-thumbnail","6":"product_cat-robot-per-piscine-pubbliche","8":"first","9":"instock","10":"shipping-taxable","11":"product-type-simple"},"yoast_head":"<!-- This site is optimized with the Yoast SEO plugin v27.5 - https:\/\/yoast.com\/product\/yoast-seo-wordpress\/ -->\n<title>pulitore-dolphin-flipper-2x2<\/title>\n<meta name=\"description\" content=\"Il robot pulitore per piscine pubbliche fino a 50 metri impiega la forza di due robot che lavorano insieme per massima efficacia ed efficienza.\" \/>\n<meta name=\"robots\" content=\"index, follow, max-snippet:-1, max-image-preview:large, max-video-preview:-1\" \/>\n<link rel=\"canonical\" href=\"https:\/\/robotpiscinakaptur.clak.it\/prodotto\/pulitore-dolphin-flipper-2x2\/\" \/>\n<meta property=\"og:locale\" content=\"it_IT\" \/>\n<meta property=\"og:type\" content=\"article\" \/>\n<meta property=\"og:title\" content=\"pulitore-dolphin-flipper-2x2\" \/>\n<meta property=\"og:description\" content=\"Il robot pulitore per piscine pubbliche fino a 50 metri impiega la forza di due robot che lavorano insieme per massima efficacia ed efficienza.\" \/>\n<meta property=\"og:url\" content=\"https:\/\/robotpiscinakaptur.clak.it\/prodotto\/pulitore-dolphin-flipper-2x2\/\" \/>\n<meta property=\"og:site_name\" content=\"Robot Dolphin Kaptur\" \/>\n<meta property=\"article:modified_time\" content=\"2024-02-22T19:38:02+00:00\" \/>\n<meta property=\"og:image\" content=\"https:\/\/robotpiscinakaptur.clak.it\/wp-content\/uploads\/2021\/02\/2x2-expert-gyro-pro.png\" \/>\n\t<meta property=\"og:image:width\" content=\"500\" \/>\n\t<meta property=\"og:image:height\" content=\"375\" \/>\n\t<meta property=\"og:image:type\" content=\"image\/png\" \/>\n<meta name=\"twitter:card\" content=\"summary_large_image\" \/>\n<meta name=\"twitter:label1\" content=\"Tempo di lettura stimato\" \/>\n\t<meta name=\"twitter:data1\" content=\"1 minuto\" \/>\n<script type=\"application\/ld+json\" class=\"yoast-schema-graph\">{\"@context\":\"https:\\\/\\\/schema.org\",\"@graph\":[{\"@type\":\"WebPage\",\"@id\":\"https:\\\/\\\/robotpiscinakaptur.clak.it\\\/prodotto\\\/pulitore-dolphin-flipper-2x2\\\/\",\"url\":\"https:\\\/\\\/robotpiscinakaptur.clak.it\\\/prodotto\\\/pulitore-dolphin-flipper-2x2\\\/\",\"name\":\"pulitore-dolphin-flipper-2x2\",\"isPartOf\":{\"@id\":\"https:\\\/\\\/robotpiscinakaptur.clak.it\\\/#website\"},\"primaryImageOfPage\":{\"@id\":\"https:\\\/\\\/robotpiscinakaptur.clak.it\\\/prodotto\\\/pulitore-dolphin-flipper-2x2\\\/#primaryimage\"},\"image\":{\"@id\":\"https:\\\/\\\/robotpiscinakaptur.clak.it\\\/prodotto\\\/pulitore-dolphin-flipper-2x2\\\/#primaryimage\"},\"thumbnailUrl\":\"https:\\\/\\\/robotpiscinakaptur.clak.it\\\/wp-content\\\/uploads\\\/2021\\\/02\\\/2x2-expert-gyro-pro.png\",\"datePublished\":\"2021-02-23T08:09:10+00:00\",\"dateModified\":\"2024-02-22T19:38:02+00:00\",\"description\":\"Il robot pulitore per piscine pubbliche fino a 50 metri impiega la forza di due robot che lavorano insieme per massima efficacia ed efficienza.\",\"breadcrumb\":{\"@id\":\"https:\\\/\\\/robotpiscinakaptur.clak.it\\\/prodotto\\\/pulitore-dolphin-flipper-2x2\\\/#breadcrumb\"},\"inLanguage\":\"it-IT\",\"potentialAction\":[{\"@type\":\"ReadAction\",\"target\":[\"https:\\\/\\\/robotpiscinakaptur.clak.it\\\/prodotto\\\/pulitore-dolphin-flipper-2x2\\\/\"]}]},{\"@type\":\"ImageObject\",\"inLanguage\":\"it-IT\",\"@id\":\"https:\\\/\\\/robotpiscinakaptur.clak.it\\\/prodotto\\\/pulitore-dolphin-flipper-2x2\\\/#primaryimage\",\"url\":\"https:\\\/\\\/robotpiscinakaptur.clak.it\\\/wp-content\\\/uploads\\\/2021\\\/02\\\/2x2-expert-gyro-pro.png\",\"contentUrl\":\"https:\\\/\\\/robotpiscinakaptur.clak.it\\\/wp-content\\\/uploads\\\/2021\\\/02\\\/2x2-expert-gyro-pro.png\",\"width\":500,\"height\":375,\"caption\":\"Dolphin Flipper 2X2\"},{\"@type\":\"BreadcrumbList\",\"@id\":\"https:\\\/\\\/robotpiscinakaptur.clak.it\\\/prodotto\\\/pulitore-dolphin-flipper-2x2\\\/#breadcrumb\",\"itemListElement\":[{\"@type\":\"ListItem\",\"position\":1,\"name\":\"Shop\",\"item\":\"https:\\\/\\\/robotpiscinakaptur.clak.it\\\/?page_id=206\"},{\"@type\":\"ListItem\",\"position\":2,\"name\":\"Robot per piscine pubbliche\",\"item\":\"https:\\\/\\\/robotpiscinakaptur.clak.it\\\/prodotti\\\/robot-per-piscine-pubbliche\\\/\"},{\"@type\":\"ListItem\",\"position\":3,\"name\":\"Robot piscina Dolphin FLIPPER 2X2\"}]},{\"@type\":\"WebSite\",\"@id\":\"https:\\\/\\\/robotpiscinakaptur.clak.it\\\/#website\",\"url\":\"https:\\\/\\\/robotpiscinakaptur.clak.it\\\/\",\"name\":\"Robot-Dolphin-Kaptur\",\"description\":\"Robot pulitori per piscine private e pubbliche\",\"publisher\":{\"@id\":\"https:\\\/\\\/robotpiscinakaptur.clak.it\\\/#organization\"},\"potentialAction\":[{\"@type\":\"SearchAction\",\"target\":{\"@type\":\"EntryPoint\",\"urlTemplate\":\"https:\\\/\\\/robotpiscinakaptur.clak.it\\\/?s={search_term_string}\"},\"query-input\":{\"@type\":\"PropertyValueSpecification\",\"valueRequired\":true,\"valueName\":\"search_term_string\"}}],\"inLanguage\":\"it-IT\"},{\"@type\":\"Organization\",\"@id\":\"https:\\\/\\\/robotpiscinakaptur.clak.it\\\/#organization\",\"name\":\"New Pool\",\"url\":\"https:\\\/\\\/robotpiscinakaptur.clak.it\\\/\",\"logo\":{\"@type\":\"ImageObject\",\"inLanguage\":\"it-IT\",\"@id\":\"https:\\\/\\\/robotpiscinakaptur.clak.it\\\/#\\\/schema\\\/logo\\\/image\\\/\",\"url\":\"https:\\\/\\\/robotpiscinakaptur.clak.it\\\/wp-content\\\/uploads\\\/2021\\\/02\\\/logo-newpool.svg\",\"contentUrl\":\"https:\\\/\\\/robotpiscinakaptur.clak.it\\\/wp-content\\\/uploads\\\/2021\\\/02\\\/logo-newpool.svg\",\"width\":1,\"height\":1,\"caption\":\"New Pool\"},\"image\":{\"@id\":\"https:\\\/\\\/robotpiscinakaptur.clak.it\\\/#\\\/schema\\\/logo\\\/image\\\/\"}}]}<\/script>\n<!-- \/ Yoast SEO plugin. -->","yoast_head_json":{"title":"pulitore-dolphin-flipper-2x2","description":"Il robot pulitore per piscine pubbliche fino a 50 metri impiega la forza di due robot che lavorano insieme per massima efficacia ed efficienza.","robots":{"index":"index","follow":"follow","max-snippet":"max-snippet:-1","max-image-preview":"max-image-preview:large","max-video-preview":"max-video-preview:-1"},"canonical":"https:\/\/robotpiscinakaptur.clak.it\/prodotto\/pulitore-dolphin-flipper-2x2\/","og_locale":"it_IT","og_type":"article","og_title":"pulitore-dolphin-flipper-2x2","og_description":"Il robot pulitore per piscine pubbliche fino a 50 metri impiega la forza di due robot che lavorano insieme per massima efficacia ed efficienza.","og_url":"https:\/\/robotpiscinakaptur.clak.it\/prodotto\/pulitore-dolphin-flipper-2x2\/","og_site_name":"Robot Dolphin Kaptur","article_modified_time":"2024-02-22T19:38:02+00:00","og_image":[{"width":500,"height":375,"url":"https:\/\/robotpiscinakaptur.clak.it\/wp-content\/uploads\/2021\/02\/2x2-expert-gyro-pro.png","type":"image\/png"}],"twitter_card":"summary_large_image","twitter_misc":{"Tempo di lettura stimato":"1 minuto"},"schema":{"@context":"https:\/\/schema.org","@graph":[{"@type":"WebPage","@id":"https:\/\/robotpiscinakaptur.clak.it\/prodotto\/pulitore-dolphin-flipper-2x2\/","url":"https:\/\/robotpiscinakaptur.clak.it\/prodotto\/pulitore-dolphin-flipper-2x2\/","name":"pulitore-dolphin-flipper-2x2","isPartOf":{"@id":"https:\/\/robotpiscinakaptur.clak.it\/#website"},"primaryImageOfPage":{"@id":"https:\/\/robotpiscinakaptur.clak.it\/prodotto\/pulitore-dolphin-flipper-2x2\/#primaryimage"},"image":{"@id":"https:\/\/robotpiscinakaptur.clak.it\/prodotto\/pulitore-dolphin-flipper-2x2\/#primaryimage"},"thumbnailUrl":"https:\/\/robotpiscinakaptur.clak.it\/wp-content\/uploads\/2021\/02\/2x2-expert-gyro-pro.png","datePublished":"2021-02-23T08:09:10+00:00","dateModified":"2024-02-22T19:38:02+00:00","description":"Il robot pulitore per piscine pubbliche fino a 50 metri impiega la forza di due robot che lavorano insieme per massima efficacia ed efficienza.","breadcrumb":{"@id":"https:\/\/robotpiscinakaptur.clak.it\/prodotto\/pulitore-dolphin-flipper-2x2\/#breadcrumb"},"inLanguage":"it-IT","potentialAction":[{"@type":"ReadAction","target":["https:\/\/robotpiscinakaptur.clak.it\/prodotto\/pulitore-dolphin-flipper-2x2\/"]}]},{"@type":"ImageObject","inLanguage":"it-IT","@id":"https:\/\/robotpiscinakaptur.clak.it\/prodotto\/pulitore-dolphin-flipper-2x2\/#primaryimage","url":"https:\/\/robotpiscinakaptur.clak.it\/wp-content\/uploads\/2021\/02\/2x2-expert-gyro-pro.png","contentUrl":"https:\/\/robotpiscinakaptur.clak.it\/wp-content\/uploads\/2021\/02\/2x2-expert-gyro-pro.png","width":500,"height":375,"caption":"Dolphin Flipper 2X2"},{"@type":"BreadcrumbList","@id":"https:\/\/robotpiscinakaptur.clak.it\/prodotto\/pulitore-dolphin-flipper-2x2\/#breadcrumb","itemListElement":[{"@type":"ListItem","position":1,"name":"Shop","item":"https:\/\/robotpiscinakaptur.clak.it\/?page_id=206"},{"@type":"ListItem","position":2,"name":"Robot per piscine pubbliche","item":"https:\/\/robotpiscinakaptur.clak.it\/prodotti\/robot-per-piscine-pubbliche\/"},{"@type":"ListItem","position":3,"name":"Robot piscina Dolphin FLIPPER 2X2"}]},{"@type":"WebSite","@id":"https:\/\/robotpiscinakaptur.clak.it\/#website","url":"https:\/\/robotpiscinakaptur.clak.it\/","name":"Robot-Dolphin-Kaptur","description":"Robot pulitori per piscine private e pubbliche","publisher":{"@id":"https:\/\/robotpiscinakaptur.clak.it\/#organization"},"potentialAction":[{"@type":"SearchAction","target":{"@type":"EntryPoint","urlTemplate":"https:\/\/robotpiscinakaptur.clak.it\/?s={search_term_string}"},"query-input":{"@type":"PropertyValueSpecification","valueRequired":true,"valueName":"search_term_string"}}],"inLanguage":"it-IT"},{"@type":"Organization","@id":"https:\/\/robotpiscinakaptur.clak.it\/#organization","name":"New Pool","url":"https:\/\/robotpiscinakaptur.clak.it\/","logo":{"@type":"ImageObject","inLanguage":"it-IT","@id":"https:\/\/robotpiscinakaptur.clak.it\/#\/schema\/logo\/image\/","url":"https:\/\/robotpiscinakaptur.clak.it\/wp-content\/uploads\/2021\/02\/logo-newpool.svg","contentUrl":"https:\/\/robotpiscinakaptur.clak.it\/wp-content\/uploads\/2021\/02\/logo-newpool.svg","width":1,"height":1,"caption":"New Pool"},"image":{"@id":"https:\/\/robotpiscinakaptur.clak.it\/#\/schema\/logo\/image\/"}}]}},"_links":{"self":[{"href":"https:\/\/robotpiscinakaptur.clak.it\/index.php?rest_route=\/wp\/v2\/product\/337","targetHints":{"allow":["GET"]}}],"collection":[{"href":"https:\/\/robotpiscinakaptur.clak.it\/index.php?rest_route=\/wp\/v2\/product"}],"about":[{"href":"https:\/\/robotpiscinakaptur.clak.it\/index.php?rest_route=\/wp\/v2\/types\/product"}],"wp:featuredmedia":[{"embeddable":true,"href":"https:\/\/robotpiscinakaptur.clak.it\/index.php?rest_route=\/wp\/v2\/media\/417"}],"wp:attachment":[{"href":"https:\/\/robotpiscinakaptur.clak.it\/index.php?rest_route=%2Fwp%2Fv2%2Fmedia&parent=337"}],"wp:term":[{"taxonomy":"product_brand","embeddable":true,"href":"https:\/\/robotpiscinakaptur.clak.it\/index.php?rest_route=%2Fwp%2Fv2%2Fproduct_brand&post=337"},{"taxonomy":"product_cat","embeddable":true,"href":"https:\/\/robotpiscinakaptur.clak.it\/index.php?rest_route=%2Fwp%2Fv2%2Fproduct_cat&post=337"},{"taxonomy":"product_tag","embeddable":true,"href":"https:\/\/robotpiscinakaptur.clak.it\/index.php?rest_route=%2Fwp%2Fv2%2Fproduct_tag&post=337"}],"curies":[{"name":"wp","href":"https:\/\/api.w.org\/{rel}","templated":true}]}}